 o?
8
Let g(m) = 4*m**2 + 2*m + 2. Let v be g(-4). Suppose 163 = 3*d + v. Let s(l) = -l**2 - 11*l - 12. What is the remainder when d is divided by s(-8)?
11
Let w be (-1)/4 - 9/12. Let l be (-2)/1 + 22 - w. Let v = 36 - l. What is the remainder when 44 is divided by v?
14
What is the remainder when (-98)/(-3) + 20/(-30) is divided by 5?
2
Suppose 2*t = -3*u + 126, -3*u = 4 + 2. Let x = t - 44. Calculate the remainder when x is divided by 12.
10
Let f = 49 - 19. What is the remainder when 117 is divided by f?
27
Suppose 0*s + 3 = s, w = 4*s + 42. Calculate the remainder when w is divided by 14.
12
Suppose 11*v = 9*v + 106. Calculate the remainder when v is divided by 14.
11
Suppose -175*j = -180*j + 105. What is the remainder when j is divided by (-2)/4*-11*2?
10
Let i = 11 - 18. Calculate the remainder when 264/14 + (-1)/i is divided by 7.
5
Let p = 88 + -84. Suppose 5*t = -4*k - 254 + 96, 176 = -5*t + 2*k. Let c = -23 - t. Calculate the remainder when c is divided by p.
3
Let z = 7 - -9. What is the remainder when 28 is divided by z?
12
Suppose -3*j - 1 = -2*t + t, -4*t = -5*j + 3. Calculate the remainder when (24 + t)*(-2)/(-4) is divided by 6/(1/(2 + -1)).
5
Let l(d) = -5*d + d - 3*d - 4. What is the remainder when l(-5) is divided by (-3)/(-6) - (-21)/2?
9
Let w = 18 + -11. Suppose c - 17 = -2*h, -11*c - 36 = -h - 6*c. What is the remainder when h is divided by w?
4
Suppose -2*d + 0*d + 22 = -2*p, -67 = -5*d - p. Calculate the remainder when 48 is divided by d.
9
Let u be ((-2)/6)/(3/(-126)). Suppose -3*m + u - 5 = 0. Let s(y) = 2*y - 2. What is the remainder when m is divided by s(2)?
1
Calculate the remainder when (-1*10)/(0 + (-5 - -3)) is divided by 3.
2
Suppose -6*c + 105 = -57. What is the remainder when c is divided by 15?
12
Suppose 0 = -4*o - 0*x + 4*x - 4, 3*x = -5*o + 3. Suppose -u + 32 = -o. Calculate the remainder when u is divided by 7.
4
Let r(h) be the second derivative of -11*h**3/6 + 3*h**2/2 - h. Let f = 28 - 9. Calculate the remainder when r(-3) is divided by f.
17
Calculate the remainder when 711/15 - 24/(-40) is divided by 13.
9
Let k be (5/5)/(-3 + 4). Calculate the remainder when 10 is divided by 1 - ((0 - k) + -2).
2
Let x(u) be the second derivative of -7*u**3/6 - 3*u**2 - 2*u. Calculate the remainder when -2 + 1 + 10*3 is divided by x(-3).
14
Let j(x) = x**2 + 7*x + 5. Let y be j(-4). Let c = y - -11. Suppose -3*z = -o - 17, z - 5*o + 4 = 5. Calculate the remainder when z is divided by c.
2
Suppose 12 = 2*a - 5*a, 3*a - 27 = -3*f. What is the remainder when 37 is divided by f?
11
Let u = 5 + -2. Suppose 4*f = 2*f + u*v + 15, 2*v = 4*f - 10. Calculate the remainder when (f + 3 + -6)/(-1) is divided by 1.
0
What is the remainder when (120/(-16))/((-1)/2) is divided by 10?
5
Suppose -5*t = -5*l + 350, -l - 277 = -5*l + t. Calculate the remainder when l is divided by 18.
15
Suppose 5*f - 423 = -3*q, -4*q - 12 = 4. Calculate the remainder when f is divided by 30.
27
Let j = -6 - -81. Suppose 0 = 4*k + t - 63 - 56, 4*t = 3*k - j. Suppose 3*w - h = k, -h = 2*w + 4*h - 8. Calculate the remainder when 17 is divided by w.
8
Let i(z) = z**2 + 9*z + 7. What is the remainder when 82 is divided by i(-10)?
14
Let w(a) = 4*a - 23. What is the remainder when 40 is divided by w(11)?
19
Suppose n + 27 = 4*h - 9, -5*h + 2*n = -48. Let p(g) = 3*g - 10. Calculate the remainder when p(h) is divided by 8.
6
Suppose 3 = 4*t - 3*t. Suppose 0*p + 27 = t*p. Let w(i) = -2*i**3 - 3*i**2 - 1. Calculate the remainder when w(-3) is divided by p.
8
Let i(f) = f**3 + 25*f**2 - 63*f + 60. Calculate the remainder when i(-27) is divided by 18.
15
Let n(h) = -12*h - 10. Calculate the remainder when n(-5) is divided by 13.
11
Suppose 3*j - 2*r = 126, 0 = j - 0*j + 3*r - 42. What is the remainder when j is divided by (-1)/(0 - 2/22)?
9
Let b(n) = -n**3 + 10*n**2 - 9*n + 5. Calculate the remainder when b(9) is divided by 2.
1
Suppose 0 = -0*w - 7*w + 315. What is the remainder when w is divided by 17?
11
Let g(c) = 3*c - 9. Calculate the remainder when (-17)/(3 + 28/(-8)) is divided by g(7).
10
Let k(f) = 5*f + 6. Let h(u) = 3*u + 3. Let s(v) = -9*h(v) + 4*k(v). Calculate the remainder when s(-5) is divided by 1/(0 - 1/(-11)).
10
Let d(j) = -6*j - 1. Let b be d(-1). Suppose 24 = 4*a + 4*p, 0*p - 16 = -3*a - b*p. Calculate the remainder when 20 is divided by a.
6
Let d(q) = q**2 - 14*q + 36. Calculate the remainder when 62 is divided by d(13).
16
Let w = 14 + -18. What is the remainder when w*(11/(-4) - -2) is divided by 1?
0
Let y = -12 - -33. Calculate the remainder when y is divided by 3.
0
Suppose g + g - 4 = 0. Suppose -g*l - 72 = 3*r - 0*l, -4*r + 3*l = 96. Let v = r + 41. Calculate the remainder when 49 is divided by v.
15
Let u = -20 - -37. Suppose 3*r + 5*v - 2 = 3, 50 = 4*r - 2*v. Suppose 3*n - 96 = b, r*b - 5*b = -4*n + 128. What is the remainder when n is divided by u?
15
Suppose 72 = 27*q - 25*q. Let h = 0 - -2. Suppose -b + 0*z = -h*z - 17, 0 = -4*b - 3*z + 79. Calculate the remainder when q is divided by b.
17
Let g be 0/(0 - 2) - -7. Suppose -g*s + 224 = -3*s. Let u = 38 - 19. What is the remainder when s is divided by u?
18
Let z(i) = i**2 - 3*i + 2. Let f be z(3). Let t = 9 - f. Calculate the remainder when t is divided by 5.
2
Let j be ((-8)/(-5))/((-6)/(-60)). Let g = j + -10. Calculate the remainder when 16 is divided by g.
4
Suppose 0 = -2*x + 4*x + t + 21, 0 = x + 5*t + 15. Let z = x - -31. What is the remainder when z is divided by 11?
10
Suppose -g + 42 = -5*r, 0 = 5*g - 4*g + 5*r + 8. What is the remainder when 65 is divided by g?
14
Suppose 0 = -5*x + 402 - 87. Suppose -3*p = -0*p - 3*b - 72, -2*p + x = b. What is the remainder when p is divided by 15?
14
Let n = 79 - -4. Let c = -47 + n. Let g = -14 + c. What is the remainder when g is divided by 8?
6
Suppose 0 = -12*s - 2*s + 406. Calculate the remainder when 83 is divided by s.
25
Suppose -3*y + 242 = 4*m - 0*y, -4*m + 234 = -y. Calculate the remainder when m is divided by 23.
13
Suppose -3*w - 2*w + 390 = 0. Let t = w + -35. Calculate the remainder when t is divided by 22.
21
Suppose -20 = 2*g - 0. Let y be 0*1/(-2) - 25. Let u = g - y. Calculate the remainder when u is divided by 9.
6
Let d(q) = -q**3 + 8*q**2 + 13*q - 13. Calculate the remainder when 135 is divided by d(9).
20
Suppose 0 = z - 42 - 23. What is the remainder when z is divided by 18?
11
Suppose 5*q - 3*q - 4 = -2*z, 0 = q - 2*z - 5. Suppose -q*o + 4 = d, 3*d - 40 = 5*o - 0*o. Calculate the remainder when 27 is divided by d.
7
Suppose -y - 123 = -3*y + q, 0 = 5*y + 3*q - 335. Calculate the remainder when y is divided by 22.
20
Suppose 0 = 5*b - z - 25, 5*z = -17 - 8. Suppose -b = 4*r + m, 2*m - 21 + 3 = 5*r. Let n(v) = 3*v**2 - 2. Calculate the remainder when 18 is divided by n(r).
8
Let a = 4 - 1. Let f(p) = -2 - 5*p + 5 + 0*p**3 - p**3 + 0 + 5*p**2. What is the remainder when f(a) is divided by 4?
2
Let w = 137 + -121. Calculate the remainder when 26 is divided by w.
10
Let c(z) = 7*z**3 - z**2 - 4*z + 3. What is the remainder when c(2) is divided by 16?
15
Let q(y) = -y**2 - 4*y - 5. Let j be q(-4). Let r = 6 - j. Calculate the remainder when r is divided by 5.
1
Let q = -68 - -96. Calculate the remainder when q is divided by (-3)/(3/(-10) + 0).
8
Suppose 0 = -2*n + 3*r + 112, -4*n - r = -0*r - 224. Let q = 7 + 69. Suppose -3*i + q = i. Calculate the remainder when n is divided by i.
18
Suppose 7*i - 3*i - 4*d = 256, 0 = i - 3*d - 60. Calculate the remainder when i is divided by 17.
15
Let z = 20 + -12. Suppose 47 = -5*c + 142. Suppose 3*f - c = 26. Calculate the remainder when f is divided by z.
7
Let x(z) = 3*z + 8. What is the remainder when 157 is divided by x(4)?
17
Let f be (-37)/4 + (-2)/(-8). Calculate the remainder when 5 + (-2)/1 - -10 is divided by f/(-2) - 1/(-2).
3
Let v = 22 + 17. Calculate the remainder when 114 is divided by v.
36
Suppose 4*g - 4*i - 216 = i, -2*i = -4*g + 216. Calculate the remainder when g is divided by 11.
10
Suppose 6*i - i - 195 = 0. Suppose -d + 2*d = -4*f + 49, 0 = -4*f + d + i. Calculate the remainder when f is divided by 6.
5
Suppose 0 = 2*q - 7*q + 260. Let u(t) = t**3 + 9*t**2 - 3*t - 9. Calculate the remainder when q is divided by u(-9).
16
Suppose 2*p - 10 